{"id":132,"date":"2023-12-17T16:06:00","date_gmt":"2023-12-17T16:06:00","guid":{"rendered":"https:\/\/fam-kracht.de\/?page_id=132"},"modified":"2023-12-17T16:06:00","modified_gmt":"2023-12-17T16:06:00","slug":"catalina-pby-5-pby-6","status":"publish","type":"page","link":"https:\/\/fam-kracht.de\/?page_id=132","title":{"rendered":"Catalina PBY 5 \/ PBY 6"},"content":{"rendered":"<div class=\"wp-block-image\">\n<figure class=\"aligncenter size-full\"><img loading=\"lazy\" decoding=\"async\" width=\"500\" height=\"375\" src=\"https:\/\/fam-kracht.de\/wp-content\/uploads\/2023\/12\/catalina.gif\" alt=\"\" class=\"wp-image-133\"\/><\/figure>\n<\/div>\n\n\n<p class=\"has-text-align-center\">D\u00e4nische Catalina vor Gr\u00f6nland<\/p>\n\n\n\n<p class=\"has-text-align-center\">Foto der historischen Sammlung der d\u00e4nischen Luftwaffe<\/p>\n\n\n\n<figure class=\"wp-block-table is-style-stripes\"><table><tbody><tr><td>Typ<\/td><td>Patrouillen- und Rettungsflugzeug sowie U-Boot-J\u00e4ger.<\/td><\/tr><tr><td>Hersteller<\/td><td>Consolidated Aircraft Corporation<\/td><\/tr><tr><td>Besatzung<\/td><td>Bis zu 10 Mann, 2 Piloten, Flugingenieur, Navigator, Funker, Radarbetreiber, 4 Kanoniere.<\/td><\/tr><tr><td>Ma\u00dfe<\/td><td>\ufeff<\/td><\/tr><tr><td>L\u00e4nge<\/td><td>PBY-5A 19,46 m \/ PBY-6A 19,48 m<\/td><\/tr><tr><td>H\u00f6he<\/td><td>PBY-5A 5,46 m \/ PBY-6A 6,14 m<\/td><\/tr><tr><td>Fl\u00fcgelfang<\/td><td>PBY-5A 31,70 m \/ PBY-6A 31,70 m<\/td><\/tr><tr><td>Gewicht<\/td><td>PBY-5A leer 7967 kg voll 15442 kg \/ PBY-6A leer 9861 kg voll 15442 kg<\/td><\/tr><tr><td>Motorleistung<\/td><td>\ufeff<\/td><\/tr><tr><td>Motor<\/td><td>1 \u00d7 SNECMA Atar 101G-2 Nachverbrennungs-Turbostrahltriebwerk<\/td><\/tr><tr><td>Leistung<\/td><td>PBY-5A 1200 PS \/ PBY-6A 1200 PS<\/td><\/tr><tr><td>Maximale Geschwindigkeit<\/td><td>170 Knoten (315 km\/h)<\/td><\/tr><tr><td>Marschgeschwindigkeit<\/td><td>PBY-5A 113 knob (209 km\/h) \/ PBY-6A 117 Knob (217 km\/h)<\/td><\/tr><tr><td>Aktionsradius<\/td><td>PBY-5A 2190 sm (4056 km) \/ PBY-6A 2173 sm (4025 km)<\/td><\/tr><tr><td>Steiggeschwindigkeit<\/td><td><\/td><\/tr><tr><td>Maximale H\u00f6he<\/td><td>PBY-5A 14.448 Fu\u00df (4.816 m) \/ PBY-6A 14.100 Fu\u00df (4.700 m)<\/td><\/tr><tr><td>Anmerkung<\/td><td>Die Catalina wurde in erster Linie f\u00fcr den Verkauf an die US-Marine entwickelt.<br>Die fr\u00fcheste Version der Catalina geht auf PBY-1A zur\u00fcck und reicht bis ins Jahr 36 zur\u00fcck. Wie die zivile XP3Y-1 war sie ein reines Flugboot, doch im Jahr 40 kam die amphibische Version, also eine Version mit einem Radfahrwerk, daher Es konnte sowohl vom Wasser als auch vom Land aus betrieben werden. Vor der Landung auf dem Wasser wurden die beiden St\u00fctzpontons von den Spitzen des freitragenden Fl\u00fcgels abgesenkt, um die Stabilit\u00e4t beim Man\u00f6vrieren zu erh\u00f6hen.<br>Der gro\u00dfe Durchbruch gelang der Catalina w\u00e4hrend des Zweiten Weltkriegs, als der Typ in zahlreichen L\u00e4ndern eingesetzt wurde, darunter Australien, England, Kanada, die Sowjetunion und die Vereinigten Staaten. Die Aufgaben waren vielf\u00e4ltig und reichten von der U-Boot-Jagd \u00fcber Patrouillen bis hin zu Rettungseins\u00e4tzen und der Landung von Geheimagenten an feindlichen K\u00fcsten.<br>All diese Aufgaben erforderten, dass das Flugzeug viele Stunden in der Luft bleiben konnte, was die Catalina besonders gut konnte. Im Zusammenhang damit k\u00f6nnten Eins\u00e4tze mit einer L\u00e4nge von bis zu 17 Stunden stattfinden<br>U-Boot-Abwehrmissionen.<br>W\u00e4hrend ihres Dienstes beim Royal Air Force Costal Command vollbrachte die Catalina zahlreiche Erfolge.<br>Unter anderem war es eine Catalina, die die \u201eBismarck\u201c verfolgte und die Voraussetzung f\u00fcr den sp\u00e4teren Untergang des Schiffes schuf.<br>Der Typ f\u00fchrte auch die letzte Versenkung eines deutschen U-Bootes kurz vor Kriegsende durch, \u00fcbrigens die Nummer 196 f\u00fcr die RAF.<br>Wie viele Catalinas genau produziert wurden, l\u00e4sst sich nicht herausfinden, es ist jedoch bekannt, dass bis 45 in den USA und Kanada 3272 Flugzeuge hergestellt wurden.<br>Hinzu kommen etwa 1500 Catalina, die in der Sowjetunion in Lizenz hergestellt wurden.<br>Die richtige Anzahl kann auf der anderen Seite von 4800 St\u00fcck liegen.<br>D\u00e4nemarks erste Catalinas waren 6 PBY-5A, die im Juni 47 f\u00fcr die Naval Air Force aus Kanada gekauft wurden, wo eine der ersten im Juni desselben Jahres im Land eintraf. Im Flug n\u00e4herte sich die sogenannte Catalina-Gruppe der Luftmarinestation Kopenhagen, die sich innerhalb von Margreteholmen befand. Sp\u00e4ter \u00e4nderte die Einheit ihren Namen in 1 Luftfolilte und nach der Einf\u00fchrung der Luftwaffe im Jahr 50\/51 ESK 721.<br>Die Anzahl der PBY-5A wurde durch die Lieferung von 2 Waffenunterst\u00fctzungsflugzeugen aus den USA im Jahr 51 auf 8 erh\u00f6ht.<br>Sowohl zur Suche als auch zur Erg\u00e4nzung des PBY-5A erhielt ESK 721 in den Jahren 57-58 8 PBY-6A, die neuere und gr\u00f6\u00dfere Version des Catalan.<br>Als die Pembroke im Jahr 60 als Suchflugzeug in den Ruhestand ging, wurden alle Catalinas im Mai 61 in den Rettungsdienst in ESK 722 \u00fcberf\u00fchrt.<br>Dieser ESK hatte seinen Sitz in V\u00e6rl\u00f8se<br>ESK 721, hielt jedoch eine st\u00e4ndige Bereitschaft in Skrydstrup, Aalborg und Nassarssuaq in Gr\u00f6nland aufrecht.<br>Mit der \u00dcbernahme der S-61 f\u00fcr den Rettungsdienst in ESK 721 wechselten die Catalinas bis zu ihrem Auslaufen am 70. November zur\u00fcck zur 721.<br>Die Aufgaben der Catalinaren in der Luftwaffe waren \u00fcberwiegend zivile oder halbmilit\u00e4rische Aufgaben wie Eisaufkl\u00e4rung in Gr\u00f6nland, Krankentransporte in Gr\u00f6nland, aber auch die Bef\u00f6rderung von Passagieren in Gr\u00f6nland, viele Geologen wurden damit direkt vor die T\u00fcr gestellt.<br>Von den exotischeren Aufgaben, die die Catalina gel\u00f6st hat, z.B. Erw\u00e4hnt wird die Unterst\u00fctzung der d\u00e4nischen Galathea-Expedition im Jahr 50. Zum Austausch von Teilnehmern wurden zwei Fl\u00fcge durchgef\u00fchrt \u2013 einer bis nach Mombasa in Kenia.<br>Von unseren PBY-5As existiert nur noch einer. Es befindet sich in einem Museum in Norwegen. 2 PBY-6A wurden in die USA verkauft, aber v\u00f6llig zerst\u00f6rt. Damit sind nur noch zwei PBY-6As der Luftwaffe \u00fcbrig, eine in einem Museum in England und die andere im d\u00e4nischen Luftfahrtmuseum. Zwei wurden in die USA verkauft, st\u00fcrzten aber sp\u00e4ter ab.<\/td><\/tr><tr><td>D\u00e4nische PBY 5A<\/td><td><\/td><\/tr><tr><td>L-851<\/td><td>Name: keine 1947-56 Verschrottet bei FSN V\u00e6rl\u00f8se.<\/td><\/tr><tr><td>L-852<\/td><td>Name: Papoose 1947\u201357. Wird bis 1960 f\u00fcr Feuerwehr\u00fcbungen beim FSN V\u00e6rl\u00f8se verwendet.<\/td><\/tr><tr><td>L-853<\/td><td>Name: Pluto 1947-69 Bei Gilleleje v\u00f6llig zerst\u00f6rt, nach falscher Landung auf See gesunken.<\/td><\/tr><tr><td>L-854<\/td><td>Name: Eagle 1947-59 Verschrottet bei FSN V\u00e6rl\u00f8se.<\/td><\/tr><tr><td>L-855<\/td><td>Name: Mallemuk 1947-57 Wird f\u00fcr die Ausbildung von Radartechnikern und sp\u00e4ter f\u00fcr Brandschutz\u00fcbungen verwendet.<\/td><\/tr><tr><td>L-856<\/td><td>Name: Nauja 1947-55 Verschrottet bei FSN V\u00e6rl\u00f8se.<\/td><\/tr><tr><td>L-857<\/td><td>Name: Munin 1947-56 1982 an eine Privatperson in Grevinge verkauft, weiteres Schicksal unbekannt.<\/td><\/tr><tr><td>L-858<\/td><td>Name: Hugin 1951\u201356 bei FSN V\u00e6rl\u00f8se verschrottet.<br>Dieses wurde vollst\u00e4ndig mit U-Boot-Abwehrwaffen ausger\u00fcstet geliefert.<\/td><\/tr><tr><td><\/td><td><\/td><\/tr><tr><td>D\u00e4nische PBY 6A<\/td><td><\/td><\/tr><tr><td>L-861<\/td><td>Name: keine 1957-70 1977 ins D\u00e4nische Luftfahrtmuseum gebracht.<\/td><\/tr><tr><td>L-862<\/td><td>Name: keine 1957-63 Zerst\u00f6rt durch Hangarbrand in Narsarsuaq in Gr\u00f6nland.<\/td><\/tr><tr><td>L-863<\/td><td>Name: keine 1957-72 72 in die USA verkauft, sp\u00e4ter abgest\u00fcrzt.<\/td><\/tr><tr><td>L-864<\/td><td>Name: nichts 1957-63 Zerst\u00f6rt durch Hangarbrand in Narsarsuaq in Gr\u00f6nland.<\/td><\/tr><tr><td>L-865<\/td><td>Name: keine 1957-63 V\u00f6llig zerst\u00f6rt auf einem Berg Ein\u00f6de auf der Insel Nunnarssuit w\u00e4hrend eines Fluges von Narssarssuaq nach Gr\u00f8nnedal.<br>6 Besatzungsmitglieder starben und 6 Passagiere.<\/td><\/tr><tr><td>L-866<\/td><td>Name: keine 1957-70 Wurde 71 an das Royal Air Force Museum in Cosford, England, verkauft, wo es in Cosford ausgestellt ist.<br>Das Flugzeug ist in d\u00e4nischer Lackierung erhalten geblieben<\/td><\/tr><tr><td>L-867<\/td><td>Name: keine 1958-64 Auf See vor Upernavik zerst\u00f6rt, sp\u00e4ter vom Eis versenkt.<\/td><\/tr><tr><td>L-868<\/td><td>Name: keine 1958-70 71 in die USA verkauft, 75 sp\u00e4ter bei einem Notlandeversuch \u00f6stlich von Harlingen, Texas abgest\u00fcrzt, 3 Tote und 2 \u00dcberlebende.<\/td><\/tr><\/tbody><\/table><\/figure>\n\n\n\n<p>Quellen<br>D\u00e4nemarks Luftfahrtmuseum<br>Catalina in der d\u00e4nischen Verteidigung, 1947\u20131970<br>WIKIPEDIA.org<\/p>\n","protected":false},"excerpt":{"rendered":"<p>D\u00e4nische Catalina vor Gr\u00f6nland Foto der historischen Sammlung der d\u00e4nischen Luftwaffe Typ Patrouillen- und Rettungsflugzeug sowie U-Boot-J\u00e4ger. Hersteller Consolidated Aircraft Corporation Besatzung Bis zu 10 Mann, 2 Piloten, Flugingenieur, Navigator, Funker, Radarbetreiber, 4 Kanoniere. Ma\u00dfe \ufeff L\u00e4nge PBY-5A 19,46 m \/ PBY-6A 19,48 m H\u00f6he PBY-5A 5,46 m \/ PBY-6A 6,14 m Fl\u00fcgelfang PBY-5A 31,70 [&hellip;]<\/p>\n","protected":false},"author":1,"featured_media":0,"parent":0,"menu_order":0,"comment_status":"closed","ping_status":"closed","template":"","meta":{"ngg_post_thumbnail":0,"footnotes":""},"class_list":["post-132","page","type-page","status-publish","hentry"],"_links":{"self":[{"href":"https:\/\/fam-kracht.de\/index.php?rest_route=\/wp\/v2\/pages\/132","targetHints":{"allow":["GET"]}}],"collection":[{"href":"https:\/\/fam-kracht.de\/index.php?rest_route=\/wp\/v2\/pages"}],"about":[{"href":"https:\/\/fam-kracht.de\/index.php?rest_route=\/wp\/v2\/types\/page"}],"author":[{"embeddable":true,"href":"https:\/\/fam-kracht.de\/index.php?rest_route=\/wp\/v2\/users\/1"}],"replies":[{"embeddable":true,"href":"https:\/\/fam-kracht.de\/index.php?rest_route=%2Fwp%2Fv2%2Fcomments&post=132"}],"version-history":[{"count":1,"href":"https:\/\/fam-kracht.de\/index.php?rest_route=\/wp\/v2\/pages\/132\/revisions"}],"predecessor-version":[{"id":134,"href":"https:\/\/fam-kracht.de\/index.php?rest_route=\/wp\/v2\/pages\/132\/revisions\/134"}],"wp:attachment":[{"href":"https:\/\/fam-kracht.de\/index.php?rest_route=%2Fwp%2Fv2%2Fmedia&parent=132"}],"curies":[{"name":"wp","href":"https:\/\/api.w.org\/{rel}","templated":true}]}}