{"id":169,"date":"2024-01-19T19:11:06","date_gmt":"2024-01-19T19:11:06","guid":{"rendered":"https:\/\/fam-kracht.de\/?page_id=169"},"modified":"2024-01-19T19:12:30","modified_gmt":"2024-01-19T19:12:30","slug":"sai-kz-vii","status":"publish","type":"page","link":"https:\/\/fam-kracht.de\/?page_id=169","title":{"rendered":"SAI KZ VII"},"content":{"rendered":"\n<figure class=\"wp-block-image size-full\"><img loading=\"lazy\" decoding=\"async\" width=\"1024\" height=\"733\" src=\"http:\/\/fam-kracht.de\/wp-content\/uploads\/2024\/01\/SAI-KZ-VII.jpg\" alt=\"\" class=\"wp-image-170\" srcset=\"https:\/\/fam-kracht.de\/wp-content\/uploads\/2024\/01\/SAI-KZ-VII.jpg 1024w, https:\/\/fam-kracht.de\/wp-content\/uploads\/2024\/01\/SAI-KZ-VII-300x215.jpg 300w, https:\/\/fam-kracht.de\/wp-content\/uploads\/2024\/01\/SAI-KZ-VII-768x550.jpg 768w\" sizes=\"auto, (max-width: 1024px) 100vw, 1024px\" \/><\/figure>\n\n\n\n<p class=\"has-text-align-center\">D\u00e4nisches KZ VII bei Flyvestation Skrydstrup<br>Fotograf unbekannt<\/p>\n\n\n\n<figure class=\"wp-block-table is-style-stripes\"><table><tbody><tr><td>Typ<\/td><td>Kurier- und Ambulanzflugzeuge<\/td><\/tr><tr><td>Hersteller<\/td><td><a href=\"https:\/\/da.wikipedia.org\/wiki\/Skandinavisk_Aero_Industri\" data-type=\"link\" data-id=\"https:\/\/da.wikipedia.org\/wiki\/Skandinavisk_Aero_Industri\">Skandinavisk Aero Industri (Kramme &amp; Zeuthen)<\/a><\/td><\/tr><tr><td>Besatzung<\/td><td>2 + Platz f\u00fcr eine Trage<\/td><\/tr><tr><td>Ma\u00dfe<\/td><td>\ufeff<\/td><\/tr><tr><td>L\u00e4nge<\/td><td>6,53 m<\/td><\/tr><tr><td>H\u00f6he<\/td><td>2,10 m<\/td><\/tr><tr><td>Fl\u00fcgelfang<\/td><td>9,60 m<\/td><\/tr><tr><td>Gewicht<\/td><td>Leer 419 kg \/ voll 650 kg<\/td><\/tr><tr><td>Motorleistung<\/td><td>\ufeff<\/td><\/tr><tr><td>Motor<\/td><td><\/td><\/tr><tr><td>Leistung<\/td><td>100 PS<\/td><\/tr><tr><td>Maximale Geschwindigkeit<\/td><td>100 kn (185 km\/h)<\/td><\/tr><tr><td>Marschgeschwindigkeit<\/td><td>89 kn (165 km\/h)<\/td><\/tr><tr><td>Aktionsradius<\/td><td>270 SM (500 km)<\/td><\/tr><tr><td>Steiggeschwindigkeit<\/td><td>\ufeff<\/td><\/tr><tr><td>Maximale H\u00f6he<\/td><td>13280 Fu\u00df (4150 m)<\/td><\/tr><tr><td>Bemerkungen<\/td><td>Als D\u00e4nemark von den Deutschen besetzt wurde, wurde der aufstrebenden d\u00e4nischen Luftfahrtindustrie kleiner Privatflugzeuge ein vor\u00fcbergehendes Ende gesetzt. Kramme und Zeuthen erreichten die Besetzung, sie errichteten ca. 31 Flugzeuge, \u00fcberwiegend vom Typ&nbsp;KZ II und KZ II Sport. W\u00e4hrend des Krieges war das Unternehmen gezwungen, andere Dinge zu produzieren, um nicht zur Versorgung der Deutschen gezwungen zu werden. V\u00f6llig frei von der Idee, Flugzeuge zu bauen, konnte das Unternehmen nicht aufgeben und begann 42 mit dem Bau des KZ III. Der Unterschied zwischen der KZ II und der KZ II Sport bestand darin, dass die KZ II ein Hochdeckerflugzeug und kein so elegantes Flugzeug war. Aber es war einfach in seiner Konstruktion und hatte gute und ertr\u00e4gliche Eigenschaften. Flugeigenschaften. Sechs der im Einsatz befindlichen Flugzeuge st\u00fcrzten ab und die restlichen neun wurden ins Zivilregister \u00fcbernommen, wo mehrere von ihnen noch einsatzbereit sind.<\/td><\/tr><\/tbody><\/table><\/figure>\n","protected":false},"excerpt":{"rendered":"<p>D\u00e4nisches KZ VII bei Flyvestation SkrydstrupFotograf unbekannt Typ Kurier- und Ambulanzflugzeuge Hersteller Skandinavisk Aero Industri (Kramme &amp; Zeuthen) Besatzung 2 + Platz f\u00fcr eine Trage Ma\u00dfe \ufeff L\u00e4nge 6,53 m H\u00f6he 2,10 m Fl\u00fcgelfang 9,60 m Gewicht Leer 419 kg \/ voll 650 kg Motorleistung \ufeff Motor Leistung 100 PS Maximale Geschwindigkeit 100 kn (185 [&hellip;]<\/p>\n","protected":false},"author":1,"featured_media":0,"parent":0,"menu_order":0,"comment_status":"closed","ping_status":"closed","template":"","meta":{"ngg_post_thumbnail":0,"footnotes":""},"class_list":["post-169","page","type-page","status-publish","hentry"],"_links":{"self":[{"href":"https:\/\/fam-kracht.de\/index.php?rest_route=\/wp\/v2\/pages\/169","targetHints":{"allow":["GET"]}}],"collection":[{"href":"https:\/\/fam-kracht.de\/index.php?rest_route=\/wp\/v2\/pages"}],"about":[{"href":"https:\/\/fam-kracht.de\/index.php?rest_route=\/wp\/v2\/types\/page"}],"author":[{"embeddable":true,"href":"https:\/\/fam-kracht.de\/index.php?rest_route=\/wp\/v2\/users\/1"}],"replies":[{"embeddable":true,"href":"https:\/\/fam-kracht.de\/index.php?rest_route=%2Fwp%2Fv2%2Fcomments&post=169"}],"version-history":[{"count":3,"href":"https:\/\/fam-kracht.de\/index.php?rest_route=\/wp\/v2\/pages\/169\/revisions"}],"predecessor-version":[{"id":175,"href":"https:\/\/fam-kracht.de\/index.php?rest_route=\/wp\/v2\/pages\/169\/revisions\/175"}],"wp:attachment":[{"href":"https:\/\/fam-kracht.de\/index.php?rest_route=%2Fwp%2Fv2%2Fmedia&parent=169"}],"curies":[{"name":"wp","href":"https:\/\/api.w.org\/{rel}","templated":true}]}}